e remainder when 1364 is divided by 276?
260
What is the remainder when 133 is divided by 3?
1
What is the remainder when 57 is divided by 2?
1
What is the remainder when 875 is divided by 8?
3
Calculate the remainder when 399 is divided by 93.
27
Calculate the remainder when 719 is divided by 45.
44
Calculate the remainder when 12797 is divided by 20.
17
What is the remainder when 325 is divided by 8?
5
Calculate the remainder when 20492 is divided by 69.
68
Calculate the remainder when 106 is divided by 42.
22
What is the remainder when 25 is divided by 12?
1
Calculate the remainder when 3274 is divided by 218.
4
What is the remainder when 3646 is divided by 27?
1
Calculate the remainder when 28 is divided by 20.
8
What is the remainder when 146 is divided by 132?
14
Calculate the remainder when 4318 is divided by 16.
14
Calculate the remainder when 331 is divided by 21.
16
Calculate the remainder when 807 is divided by 17.
8
What is the remainder when 684 is divided by 27?
9
What is the remainder when 2361 is divided by 62?
5
What is the remainder when 352 is divided by 90?
82
Calculate the remainder when 168 is divided by 79.
10
Calculate the remainder when 92 is divided by 76.
16
Calculate the remainder when 954 is divided by 29.
26
Calculate the remainder when 655 is divided by 14.
11
What is the remainder when 161 is divided by 36?
17
Calculate the remainder when 574 is divided by 52.
2
What is the remainder when 4368 is divided by 65?
13
What is the remainder when 1685 is divided by 23?
6
Calculate the remainder when 6106 is divided by 55.
1
What is the remainder when 1808 is divided by 67?
66
Calculate the remainder when 3944 is divided by 21.
17
Calculate the remainder when 1945 is divided by 39.
34
Calculate the remainder when 351 is divided by 16.
15
Calculate the remainder when 16549 is divided by 10.
9
Calculate the remainder when 795 is divided by 210.
165
Calculate the remainder when 1126 is divided by 285.
271
What is the remainder when 104 is divided by 16?
8
What is the remainder when 1185 is divided by 34?
29
Calculate the remainder when 1408 is divided by 109.
100
Calculate the remainder when 466 is divided by 230.
6
What is the remainder when 853 is divided by 54?
43
What is the remainder when 63 is divided by 44?
19
What is the remainder when 3650 is divided by 53?
46
What is the remainder when 5330 is divided by 665?
10
What is the remainder when 3491 is divided by 861?
47
What is the remainder when 50309 is divided by 152?
149
What is the remainder when 599 is divided by 139?
43
Calculate the remainder when 384 is divided by 30.
24
Calculate the remainder when 274 is divided by 92.
90
What is the remainder when 299 is divided by 76?
71
Calculate the remainder when 194 is divided by 5.
4
Calculate the remainder when 107 is divided by 10.
7
What is the remainder when 437 is divided by 31?
3
What is the remainder when 223 is divided by 218?
5
Calculate the remainder when 317 is divided by 155.
7
Calculate the remainder when 115 is divided by 22.
5
Calculate the remainder when 124 is divided by 16.
12
What is the remainder when 56 is divided by 29?
27
What is the remainder when 1624 is divided by 127?
100
Calculate the remainder when 11122 is divided by 227.
226
What is the remainder when 255 is divided by 6?
3
What is the remainder when 131 is divided by 11?
10
Calculate the remainder when 349 is divided by 13.
11
What is the remainder when 512 is divided by 86?
82
What is the remainder when 90 is divided by 7?
6
What is the remainder when 155 is divided by 52?
51
What is the remainder when 73 is divided by 23?
4
Calculate the remainder when 484 is divided by 18.
16
Calculate the remainder when 1753 is divided by 53.
4
Calculate the remainder when 10728 is divided by 37.
35
What is the remainder when 10668 is divided by 485?
483
Calculate the remainder when 417 is divided by 28.
25
What is the remainder when 251 is divided by 90?
71
What is the remainder when 2519 is divided by 105?
104
Calculate the remainder when 25023 is divided by 11.
9
Calculate the remainder when 56838 is divided by 29.
27
Calculate the remainder when 570 is divided by 61.
21
Calculate the remainder when 35 is divided by 9.
8
What is the remainder when 143 is divided by 141?
2
Calculate the remainder when 5983 is divided by 105.
103
What is the remainder when 64 is divided by 11?
9
Calculate the remainder when 42 is divided by 5.
2
What is the remainder when 9554 is divided by 195?
194
What is the remainder when 356 is divided by 5?
1
Calculate the remainder when 1549 is divided by 16.
13
Calculate the remainder when 199 is divided by 175.
24
Calculate the remainder when 20143 is divided by 276.
271
What is the remainder when 216 is divided by 16?
8
What is the remainder when 89 is divided by 5?
4
Calculate the remainder when 139 is divided by 41.
16
What is the remainder when 32 is divided by 8?
0
Calculate the remainder when 902 is divided by 87.
32
What is the remainder when 391 is divided by 85?
51
Calculate the remainder when 1542 is divided by 492.
66
Calculate the remainder when 4616 is divided by 110.
106
What is the remainder when 15960 is divided by 11?
10
What is the remainder when 47 is divided by 13?
8
What is the remainder when 1067 is divided by 1051?
16
Calculate the remainder when 111 is divided by 8.
7
Calculate the remainder when 97 is divided by 75.
22
What is the remainder when 224 is divided by 50?
24
What is the remainder when 27 is divided by 4?
3
What is the remainder when 62 is divided by 16?
14
What is the remainder when 387 is divided by 21?
9
What is the remainder when 319 is divided by 12?
7
What is the remainder when 431 is divided by 23?
17
Calculate the remainder when 27 is divided by 9.
0
Calculate the remainder when 453 is divided by 130.
63
What is the remainder when 495 is divided by 127?
114
What is the remainder when 764 is divided by 55?
49
What is the remainder when 63 is divided by 8?
7
What is the remainder when 32 is divided by 11?
10
Calculate the remainder when 87 is divided by 10.
7
What is the remainder when 819 is divided by 82?
81
What is the remainder when 548 is divided by 25?
23
What is the remainder when 10 is divided by 8?
2
What is the remainder when 76 is divided by 39?
37
Calculate the remainder when 25 is divided by 10.
5
What is the remainder when 283 is divided by 19?
17
What is the remainder when 537 is divided by 49?
47
What is the remainder when 300 is divided by 108?
84
What is the remainder when 18549 is divided by 24?
21
What is the remainder when 23 is divided by 11?
1
What is the remainder when 7173 is divided by 16?
5
Calculate the remainder when 3946 is divided by 28.
26
Calculate the remainder when 78 is divided by 17.
10
Calculate the remainder when 52 is divided by 11.
8
Calculate the remainder when 87 is divided by 10.
7
Calculate the remainder when 208 is divided by 42.
40
Calculate the remainder when 354 is divided by 124.
106
What is the remainder when 5263 is divided by 404?
11
Calculate the remainder when 4193 is divided by 1044.
17
Calculate the remainder when 99 is divided by 50.
49
Calculate the remainder when 22 is divided by 12.
10
Calculate the remainder when 535 is divided by 15.
10
What is the remainder when 503 is divided by 14?
13
What is the remainder when 2324 is divided by 385?
14
What is the remainder when 2465 is divided by 26?
21
Calculate the remainder when 1516 is divided by 306.
292
What is the remainder when 939 is divided by 73?
63
What is the remainder when 7597 is divided by 65?
57
Calculate the remainder when 967 is divided by 52.
31
What is the remainder when 425 is divided by 20?
5
Calculate the remainder when 78 is divided by 22.
12
Calculate the remainder when 1901 is divided by 119.
116
What is the remainder when 2979 is divided by 21?
18
What is the remainder when 1803 is divided by 300?
3
Calculate the remainder when 1602 is divided by 321.
318
Calculate the remainder when 6321 is divided by 12.
9
What is the remainder when 107 is divided by 56?
51
Calculate the remainder when 1901 is divided by 7.
4
What is the remainder when 444 is divided by 117?
93
Calculate the remainder when 3356 is divided by 70.
66
Calculate the remainder when 